{"id":16434,"date":"2021-02-09T09:05:44","date_gmt":"2021-02-09T08:05:44","guid":{"rendered":"https:\/\/arbark.se\/?page_id=16434"},"modified":"2025-08-14T15:02:41","modified_gmt":"2025-08-14T13:02:41","slug":"seminarier","status":"publish","type":"page","link":"https:\/\/arbark.se\/sv\/seminarier\/","title":{"rendered":"Seminarier"},"content":{"rendered":"\n<p><strong>Under v\u00e5ren 2022 arrangerade Nordic Labour History Network (NHLN) en ny serie webbinarier om arbetarhistoria. Seminarierna var p\u00e5 engelska. De var gratis, \u00f6ppna f\u00f6r alla men kr\u00e4vde anm\u00e4lan. <\/strong><\/p>\n\n\n\n<hr class=\"wp-block-separator has-css-opacity\"\/>\n\n\n\n<h3 class=\"wp-block-heading\">H\u00f6sten 2022<\/h3>\n\n\n\n<h4 class=\"wp-block-heading\">NLHN: Moral injury and American narratives of killing in the Vietnam War<\/h4>\n\n\n\n<p><strong>13 December 15:00-16:00 <\/strong><\/p>\n\n\n\n<p>Killing is part of the job description of frontline soldiers who are trained to follow orders and kill or capture the enemy. Transition from civilian norms and life to military and back isn\u2019t straightforward and recent studies have shown that some military veterans suffer from moral injury which originates from violations of personal moral beliefs.<\/p>\n\n\n\n<p>Siitonens dissertation in history discusses moral injury and wartime killing experiences of American soldiers in the Vietnam War. He is interested in how human beings explain extreme violence to themselves and others through stories. His work consists of analyzing American narratives in letters, memoirs, diaries and oral histories with theories of social psychology and setting them into their historical and cultural context.<\/p>\n\n\n\n<p>This presentation describes the context of the Vietnam War and shows examples found from American archives at Texas Tech University and the Library of Congress where Siitonen spent the past year as a visiting researcher.<\/p>\n\n\n\n<p>Presenter:&nbsp;<strong>Olli M. Siitonen<\/strong>, University of Helsinki<\/p>\n\n\n\n<hr class=\"wp-block-separator has-css-opacity\"\/>\n\n\n\n<h3 class=\"wp-block-heading\">V\u00e5ren 2022<\/h3>\n\n\n\n<h4 class=\"wp-block-heading\"><span class=\"has-inline-color has-vivid-red-color\">Roundtable<\/span><strong> Digital Labour History and Labour Studies <\/strong><\/h4>\n\n\n\n<p><strong>3 May 14.00-15.30<\/strong><\/p>\n\n\n\n<p>The digital age has transformed historical and labour research. Mass digitization of archival sources, novel computational methods and the rise of the digital public sphere encourage us to re-think how we research labour and&nbsp;write history in the twenty-first century. It is high time to scrutinize the \u201ddigital turn\u201d in the context of labour history and labour studies.&nbsp;<\/p>\n\n\n\n<p><strong>Participants:&nbsp;<\/strong>Eric Blanc, New York University (computational text analysis of the 2018 US teachers&#8217; strikes); Risto Turunen, University of Warsaw (text mining of machine-readable labour newspapers); Jenny Jansson, Uppsala University (the labour movement in the digital age).<\/p>\n\n\n\n<hr class=\"wp-block-separator has-css-opacity\"\/>\n\n\n\n<h3 class=\"wp-block-heading\">H\u00f6sten 2021<\/h3>\n\n\n\n<h4 class=\"wp-block-heading\"><span class=\"has-inline-color has-vivid-red-color\">Book <\/span><em>Between Denmark and Detroit Ford Motor Company A\/S and the Transformation of Fordism 1919\u20131966<\/em><\/h4>\n\n\n\n<p><strong>26 October 2021 14.00-15.00<\/strong><\/p>\n\n\n\n<p>Labour historian Lars K Christensen presents his book &#8221;Between Denmark and Detroit&#8221;. In 1919 Ford Motor Company A\/S established an assembly plant in Copenhagen, Denmark. The plant, which operated until 1966, was the company\u2019s first on the European mainland, and became a bridgehead for Ford into the Nordic countries. During the 1920\u2019s, Fordism in Detroit was based on autocratic management and militant anti-unionism. But as Fordism came to Denmark and Europe, it was transformed. The book traces this transformation, in the context of the Copenhagen plant.<\/p>\n\n\n\n<p>Lars K Christensen holds a Ph D in labour history. He is head of Research and Heritage Management at the ROMU museums group, Roskilde, Denmark.<\/p>\n\n\n\n<hr class=\"wp-block-separator has-css-opacity\"\/>\n\n\n\n<h4 class=\"wp-block-heading\"><span class=\"has-inline-color has-vivid-red-color\">Talk <\/span>Astrid Elkj\u00e6r S\u00f8rensen, Kristin Linderoth: <em>Care workers fight for equal pay<\/em><\/h4>\n\n\n\n<p><strong>2 November 2021<\/strong> <strong>kl 19.00-20.30<\/strong><\/p>\n\n\n\n<p>A talk about the care workers fight for equal pay in Sweden and Denmark. In this seminar Ph D in gender studies Kristin Linderoth and Ph D in history Astrid Elkj\u00e6r S\u00f8rensen give an introduction to the 2003 Swedish Municipal Workers&#8217; Union strike for higher wages and to Danish equal pay movements, focusing on activism, strategies and results.<\/p>\n\n\n\n<p>Kristin Linderoth\u2019s presentation will be in Swedish Astrid Elkj\u00e6r S\u00f8rensen\u2019s presentation and the panel will be in English.<\/p>\n\n\n\n<hr class=\"wp-block-separator has-css-opacity\"\/>\n\n\n\n<h4 class=\"wp-block-heading\"><span class=\"has-inline-color has-vivid-red-color\">Roundtable <\/span>Digital Labour History<\/h4>\n\n\n\n<h4 class=\"wp-block-heading\"><strong><span class=\"has-inline-color has-vivid-red-color\"><strong>The webinar is cancelled and a new date will be set.<\/strong><\/span><\/strong><\/h4>\n\n\n\n<p>The digital age has transformed historical research. Mass digitization of archival sources, novel computational methods and the rise of the digital public sphere encourage us to re-think how we write history in the twenty-first century (see <em>Technology and the Historian: Transformations in the Digital Age<\/em> by Adam Crymble). It is high time to scrutinize the &#8221;digital turn\u201d in the context of Nordic labour history. <\/p>\n\n\n\n<p><strong>Participants: <\/strong>\u00d6rjan Simonson, The Popular Movements\u2019 Archive (mass digitization of trade union documents); Risto Turunen, Tampere University (text mining of machine-readable labour newspapers); Jenny Jansson, Uppsala University (the labour movement in the digital age).<\/p>\n\n\n\n<hr class=\"wp-block-separator has-css-opacity\"\/>\n\n\n\n<h4 class=\"wp-block-heading\"><span class=\"has-inline-color has-vivid-red-color\">Book <\/span><em>Democracy and the Economy in Finland and Sweden since 1960<\/em><\/h4>\n\n\n\n<p><strong>23 November 2021 kl 14.00-15.00<\/strong><\/p>\n\n\n\n<p><strong>Ilkka K\u00e4rryl\u00e4<\/strong> presents his book <em>Democracy and the Economy in Finland and Sweden since 1960<\/em>.<\/p>\n\n\n\n<p><strong>The book<\/strong> explores the relationship between democracy and the economy in contemporary political thought and policy-making. Using the concepts of economic, industrial and enterprise democracy, the author focuses on the history of Finland and Sweden during the latter part of the twentieth century. The meanings of the three concepts are examined in the thought of social democrats, conservatives and liberals, as well as in the reforms that they were associated with. This analysis paints a picture of changing economic thought in the Nordic countries, and the West more generally. Arguing that the concept of democracy has evolved from representation towards \u2019cooperation\u2019 and \u2018participation\u2019 in civil society, this book demonstrates how the ideal of individual freedom and choice has surpassed collective decision-making. <\/p>\n\n\n\n<p>These shared characteristics between Finland, Sweden and other Western countries challenge the view that the Nordic countries have been exceptional in resisting neoliberalism. In fact, as this book shows,&nbsp;neoliberalism has been influential to the Nordics since the 1970s.<\/p>\n\n\n\n<p>I<strong>lkka K\u00e4rryl\u00e4 is<\/strong> a Postdoctoral Researcher at the Centre for Nordic Studies, University of Helsinki. He specializes in the political and intellectual history of Europe and the Nordic countries, especially the history of economic thought and policy.<\/p>\n\n\n\n<hr class=\"wp-block-separator has-css-opacity\"\/>\n\n\n\n<h4 class=\"wp-block-heading\"><span class=\"has-inline-color has-vivid-red-color\">Roundtable: <\/span>Social Democracy in the Nordic counties<\/h4>\n\n\n\n<p><strong>30 November 2021 kl 14.00-15.30<\/strong><\/p>\n\n\n\n<p><strong>The purpose of the panel<\/strong> is to bring history researchers from every Nordic country to a virtual roundtable to discuss new directions and perspectives on the research of social democracy history and to create a dialogue between researchers at the Nordic level. Each participant will present shortly their research interest and perspectives. After the presentations, there will be time for discussion.<\/p>\n\n\n\n<p><strong>Chair:<\/strong> Pauli Kettunen, Professor Emeritus of Political History at the University of Helsinki. <\/p>\n\n\n\n<p><strong>Iben Bj\u00f8rnsson<\/strong>, Ph D is a researcher and curator at Stevnsfort Museum of the Cold War in Denmark.<\/p>\n\n\n\n<p><strong>Matti Hannikainen<\/strong>, Senior researcher,&nbsp;Finnish Labour Archives.&nbsp;<\/p>\n\n\n\n<p><strong>Gu\u00f0mundur J\u00f3nsson<\/strong> is a Professor of History at the Department of History, University of Iceland.<\/p>\n\n\n\n<p><strong>Dag Einar Thorsen<\/strong>, associate professor of political science at the University of South-Eastern Norway.<\/p>\n\n\n\n<p><strong>Kjell \u00d6stberg<\/strong>, Professor of history at S\u00f6dert\u00f6rn University.<\/p>\n\n\n\n<hr class=\"wp-block-separator has-css-opacity\"\/>\n\n\n\n<h4 class=\"wp-block-heading\"><span class=\"has-inline-color has-vivid-red-color\">Talk <\/span>Universal Suffrage? Voting Restrictions and Disenfranchisement in Sweden after 1921<\/h4>\n\n\n\n<p><strong>7 December 2021 kl 15.00-16.00<\/strong><\/p>\n\n\n\n<p>In 2021, Sweden celebrates one hundred years of universal suffrage and what has commonly been described as the end of the struggle for voting rights and democracy. The newly published book <em>Universal Suffrage? Voting Restrictions and Disenfranchisement in Sweden after 1921<\/em> \u2013 based on a research project with the same name &nbsp;\u2013 challenges these narratives. It explores the many voting restrictions that remained &nbsp;after 1921, and highlights the continuous struggle for expanded suffrage.<\/p>\n\n\n\n<p>In this talk, the book\u2019s editors Annika Berg and Martin Ericsson, together with the project leader Fia Sundevall, will present the project\u2019s main findings and arguments.<\/p>\n\n\n\n<p><strong>Annika Berg<\/strong> is an associate professor of the history of ideas at the Department of Culture and Aesthetics, Stockholm University.<\/p>\n\n\n\n<p><strong>Martin Ericsson<\/strong> is an associate professor of history at the Department of History, Lund University.<\/p>\n\n\n\n<p><strong>Fia Sundevall<\/strong> is an associate professor of economic history at the Swedish Labour Movement\u2019s Archives and Library, and the Department of Economic History and International Relations, Stockholm University.<\/p>\n\n\n\n<hr class=\"wp-block-separator has-css-opacity\"\/>\n\n\n\n<h4 class=\"wp-block-heading\"><span class=\"has-inline-color has-vivid-red-color\">Roundtable<\/span> Perspectives on Labour History<\/h4>\n\n\n\n<p><strong>14 December 2021 kl 14.00-15.30<\/strong><\/p>\n\n\n\n<p><strong>Labour history<\/strong> with a special focus on labour process studies has been the subject for analysis in the anthology <em>Fr\u00e5n arbetets horisont. Perspektiv p\u00e5 historisk forskning om arbete och samh\u00e4lle under kapitalismen <\/em>(From the horizon of work. Perspectives on historical research on work and society under capitalism). Nine historians and economic historians in the field are reflecting on their research careers and thereby discussing their theoretical sources of inspiration but also the changing institutional and societal preconditions for their research. Inspired by the contributions to the anthology, the seminar will in more general term focus on these questions but also discuss different ways to analyse and understand Labour history. Questions will also be brought up by the discussants at the seminar.<\/p>\n\n\n\n<p><strong>Contributors to the anthology:<\/strong> Lars Berggren, Eva Blomberg, Karin Carlsson, Lars Ekdahl (editor), Mats Greiff, Maths Isacson, Lars Olsson, Staffan Stranne, Johan Svanberg.<\/p>\n","protected":false},"excerpt":{"rendered":"<p>Under v\u00e5ren 2022 arrangerade Nordic Labour History Network (NHLN) en ny serie webbinarier om arbetarhistoria. Seminarierna var p\u00e5 engelska. De var gratis, \u00f6ppna f\u00f6r alla men kr\u00e4vde anm\u00e4lan. H\u00f6sten 2022 [&hellip;]<\/p>\n","protected":false},"author":1,"featured_media":16926,"parent":0,"menu_order":0,"comment_status":"closed","ping_status":"closed","template":"","meta":{"ngg_post_thumbnail":0,"footnotes":""},"class_list":["post-16434","page","type-page","status-publish","has-post-thumbnail","czr-hentry"],"_links":{"self":[{"href":"https:\/\/arbark.se\/sv\/wp-json\/wp\/v2\/pages\/16434","targetHints":{"allow":["GET"]}}],"collection":[{"href":"https:\/\/arbark.se\/sv\/wp-json\/wp\/v2\/pages"}],"about":[{"href":"https:\/\/arbark.se\/sv\/wp-json\/wp\/v2\/types\/page"}],"author":[{"embeddable":true,"href":"https:\/\/arbark.se\/sv\/wp-json\/wp\/v2\/users\/1"}],"replies":[{"embeddable":true,"href":"https:\/\/arbark.se\/sv\/wp-json\/wp\/v2\/comments?post=16434"}],"version-history":[{"count":100,"href":"https:\/\/arbark.se\/sv\/wp-json\/wp\/v2\/pages\/16434\/revisions"}],"predecessor-version":[{"id":20973,"href":"https:\/\/arbark.se\/sv\/wp-json\/wp\/v2\/pages\/16434\/revisions\/20973"}],"wp:featuredmedia":[{"embeddable":true,"href":"https:\/\/arbark.se\/sv\/wp-json\/wp\/v2\/media\/16926"}],"wp:attachment":[{"href":"https:\/\/arbark.se\/sv\/wp-json\/wp\/v2\/media?parent=16434"}],"curies":[{"name":"wp","href":"https:\/\/api.w.org\/{rel}","templated":true}]}}

<p><strong>Under våren 2022 arrangerade Nordic Labour History Network (NHLN) en ny serie webbinarier om arbetarhistoria. Seminarierna var på engelska. De var gratis, öppna för alla men krävde anmälan. </strong></p>



<hr class="wp-block-separator has-css-opacity"/>



<h3 class="wp-block-heading">Hösten 2022</h3>



<h4 class="wp-block-heading">NLHN: Moral injury and American narratives of killing in the Vietnam War</h4>



<p><strong>13 December 15:00-16:00 </strong></p>



<p>Killing is part of the job description of frontline soldiers who are trained to follow orders and kill or capture the enemy. Transition from civilian norms and life to military and back isn’t straightforward and recent studies have shown that some military veterans suffer from moral injury which originates from violations of personal moral beliefs.</p>



<p>Siitonens dissertation in history discusses moral injury and wartime killing experiences of American soldiers in the Vietnam War. He is interested in how human beings explain extreme violence to themselves and others through stories. His work consists of analyzing American narratives in letters, memoirs, diaries and oral histories with theories of social psychology and setting them into their historical and cultural context.</p>



<p>This presentation describes the context of the Vietnam War and shows examples found from American archives at Texas Tech University and the Library of Congress where Siitonen spent the past year as a visiting researcher.</p>



<p>Presenter:&nbsp;<strong>Olli M. Siitonen</strong>, University of Helsinki</p>



<hr class="wp-block-separator has-css-opacity"/>



<h3 class="wp-block-heading">Våren 2022</h3>



<h4 class="wp-block-heading"><span class="has-inline-color has-vivid-red-color">Roundtable</span><strong> Digital Labour History and Labour Studies </strong></h4>



<p><strong>3 May 14.00-15.30</strong></p>



<p>The digital age has transformed historical and labour research. Mass digitization of archival sources, novel computational methods and the rise of the digital public sphere encourage us to re-think how we research labour and&nbsp;write history in the twenty-first century. It is high time to scrutinize the ”digital turn” in the context of labour history and labour studies.&nbsp;</p>



<p><strong>Participants:&nbsp;</strong>Eric Blanc, New York University (computational text analysis of the 2018 US teachers&#8217; strikes); Risto Turunen, University of Warsaw (text mining of machine-readable labour newspapers); Jenny Jansson, Uppsala University (the labour movement in the digital age).</p>



<hr class="wp-block-separator has-css-opacity"/>



<h3 class="wp-block-heading">Hösten 2021</h3>



<h4 class="wp-block-heading"><span class="has-inline-color has-vivid-red-color">Book </span><em>Between Denmark and Detroit Ford Motor Company A/S and the Transformation of Fordism 1919–1966</em></h4>



<p><strong>26 October 2021 14.00-15.00</strong></p>



<p>Labour historian Lars K Christensen presents his book &#8221;Between Denmark and Detroit&#8221;. In 1919 Ford Motor Company A/S established an assembly plant in Copenhagen, Denmark. The plant, which operated until 1966, was the company’s first on the European mainland, and became a bridgehead for Ford into the Nordic countries. During the 1920’s, Fordism in Detroit was based on autocratic management and militant anti-unionism. But as Fordism came to Denmark and Europe, it was transformed. The book traces this transformation, in the context of the Copenhagen plant.</p>



<p>Lars K Christensen holds a Ph D in labour history. He is head of Research and Heritage Management at the ROMU museums group, Roskilde, Denmark.</p>



<hr class="wp-block-separator has-css-opacity"/>



<h4 class="wp-block-heading"><span class="has-inline-color has-vivid-red-color">Talk </span>Astrid Elkjær Sørensen, Kristin Linderoth: <em>Care workers fight for equal pay</em></h4>



<p><strong>2 November 2021</strong> <strong>kl 19.00-20.30</strong></p>



<p>A talk about the care workers fight for equal pay in Sweden and Denmark. In this seminar Ph D in gender studies Kristin Linderoth and Ph D in history Astrid Elkjær Sørensen give an introduction to the 2003 Swedish Municipal Workers&#8217; Union strike for higher wages and to Danish equal pay movements, focusing on activism, strategies and results.</p>



<p>Kristin Linderoth’s presentation will be in Swedish Astrid Elkjær Sørensen’s presentation and the panel will be in English.</p>



<hr class="wp-block-separator has-css-opacity"/>



<h4 class="wp-block-heading"><span class="has-inline-color has-vivid-red-color">Roundtable </span>Digital Labour History</h4>



<h4 class="wp-block-heading"><strong><span class="has-inline-color has-vivid-red-color"><strong>The webinar is cancelled and a new date will be set.</strong></span></strong></h4>



<p>The digital age has transformed historical research. Mass digitization of archival sources, novel computational methods and the rise of the digital public sphere encourage us to re-think how we write history in the twenty-first century (see <em>Technology and the Historian: Transformations in the Digital Age</em> by Adam Crymble). It is high time to scrutinize the &#8221;digital turn” in the context of Nordic labour history. </p>



<p><strong>Participants: </strong>Örjan Simonson, The Popular Movements’ Archive (mass digitization of trade union documents); Risto Turunen, Tampere University (text mining of machine-readable labour newspapers); Jenny Jansson, Uppsala University (the labour movement in the digital age).</p>



<hr class="wp-block-separator has-css-opacity"/>



<h4 class="wp-block-heading"><span class="has-inline-color has-vivid-red-color">Book </span><em>Democracy and the Economy in Finland and Sweden since 1960</em></h4>



<p><strong>23 November 2021 kl 14.00-15.00</strong></p>



<p><strong>Ilkka Kärrylä</strong> presents his book <em>Democracy and the Economy in Finland and Sweden since 1960</em>.</p>



<p><strong>The book</strong> explores the relationship between democracy and the economy in contemporary political thought and policy-making. Using the concepts of economic, industrial and enterprise democracy, the author focuses on the history of Finland and Sweden during the latter part of the twentieth century. The meanings of the three concepts are examined in the thought of social democrats, conservatives and liberals, as well as in the reforms that they were associated with. This analysis paints a picture of changing economic thought in the Nordic countries, and the West more generally. Arguing that the concept of democracy has evolved from representation towards ’cooperation’ and ‘participation’ in civil society, this book demonstrates how the ideal of individual freedom and choice has surpassed collective decision-making. </p>



<p>These shared characteristics between Finland, Sweden and other Western countries challenge the view that the Nordic countries have been exceptional in resisting neoliberalism. In fact, as this book shows,&nbsp;neoliberalism has been influential to the Nordics since the 1970s.</p>



<p>I<strong>lkka Kärrylä is</strong> a Postdoctoral Researcher at the Centre for Nordic Studies, University of Helsinki. He specializes in the political and intellectual history of Europe and the Nordic countries, especially the history of economic thought and policy.</p>



<hr class="wp-block-separator has-css-opacity"/>



<h4 class="wp-block-heading"><span class="has-inline-color has-vivid-red-color">Roundtable: </span>Social Democracy in the Nordic counties</h4>



<p><strong>30 November 2021 kl 14.00-15.30</strong></p>



<p><strong>The purpose of the panel</strong> is to bring history researchers from every Nordic country to a virtual roundtable to discuss new directions and perspectives on the research of social democracy history and to create a dialogue between researchers at the Nordic level. Each participant will present shortly their research interest and perspectives. After the presentations, there will be time for discussion.</p>



<p><strong>Chair:</strong> Pauli Kettunen, Professor Emeritus of Political History at the University of Helsinki. </p>



<p><strong>Iben Bjørnsson</strong>, Ph D is a researcher and curator at Stevnsfort Museum of the Cold War in Denmark.</p>



<p><strong>Matti Hannikainen</strong>, Senior researcher,&nbsp;Finnish Labour Archives.&nbsp;</p>



<p><strong>Guðmundur Jónsson</strong> is a Professor of History at the Department of History, University of Iceland.</p>



<p><strong>Dag Einar Thorsen</strong>, associate professor of political science at the University of South-Eastern Norway.</p>



<p><strong>Kjell Östberg</strong>, Professor of history at Södertörn University.</p>



<hr class="wp-block-separator has-css-opacity"/>



<h4 class="wp-block-heading"><span class="has-inline-color has-vivid-red-color">Talk </span>Universal Suffrage? Voting Restrictions and Disenfranchisement in Sweden after 1921</h4>



<p><strong>7 December 2021 kl 15.00-16.00</strong></p>



<p>In 2021, Sweden celebrates one hundred years of universal suffrage and what has commonly been described as the end of the struggle for voting rights and democracy. The newly published book <em>Universal Suffrage? Voting Restrictions and Disenfranchisement in Sweden after 1921</em> – based on a research project with the same name &nbsp;– challenges these narratives. It explores the many voting restrictions that remained &nbsp;after 1921, and highlights the continuous struggle for expanded suffrage.</p>



<p>In this talk, the book’s editors Annika Berg and Martin Ericsson, together with the project leader Fia Sundevall, will present the project’s main findings and arguments.</p>



<p><strong>Annika Berg</strong> is an associate professor of the history of ideas at the Department of Culture and Aesthetics, Stockholm University.</p>



<p><strong>Martin Ericsson</strong> is an associate professor of history at the Department of History, Lund University.</p>



<p><strong>Fia Sundevall</strong> is an associate professor of economic history at the Swedish Labour Movement’s Archives and Library, and the Department of Economic History and International Relations, Stockholm University.</p>



<hr class="wp-block-separator has-css-opacity"/>



<h4 class="wp-block-heading"><span class="has-inline-color has-vivid-red-color">Roundtable</span> Perspectives on Labour History</h4>



<p><strong>14 December 2021 kl 14.00-15.30</strong></p>



<p><strong>Labour history</strong> with a special focus on labour process studies has been the subject for analysis in the anthology <em>Från arbetets horisont. Perspektiv på historisk forskning om arbete och samhälle under kapitalismen </em>(From the horizon of work. Perspectives on historical research on work and society under capitalism). Nine historians and economic historians in the field are reflecting on their research careers and thereby discussing their theoretical sources of inspiration but also the changing institutional and societal preconditions for their research. Inspired by the contributions to the anthology, the seminar will in more general term focus on these questions but also discuss different ways to analyse and understand Labour history. Questions will also be brought up by the discussants at the seminar.</p>



<p><strong>Contributors to the anthology:</strong> Lars Berggren, Eva Blomberg, Karin Carlsson, Lars Ekdahl (editor), Mats Greiff, Maths Isacson, Lars Olsson, Staffan Stranne, Johan Svanberg.</p>

<p>Under våren 2022 arrangerade Nordic Labour History Network (NHLN) en ny serie webbinarier om arbetarhistoria. Seminarierna var på engelska. De var gratis, öppna för alla men krävde anmälan. Hösten 2022 [&hellip;]</p>
