{"id":12055,"date":"2017-08-16T10:38:30","date_gmt":"2017-08-16T08:38:30","guid":{"rendered":"https:\/\/arbark.se\/sv\/?post_type=tribe_events&#038;p=12055\/"},"modified":"2017-08-16T14:32:06","modified_gmt":"2017-08-16T12:32:06","slug":"judisk-vanster-i-historiskt-ljus-jews-and-the-left","status":"publish","type":"tribe_events","link":"https:\/\/arbark.se\/sv\/events\/judisk-vanster-i-historiskt-ljus-jews-and-the-left\/","title":{"rendered":"Judisk v\u00e4nster i historiskt ljus &#8211; Jews and the Left"},"content":{"rendered":"<div id=\"attachment_12069\" style=\"width: 241px\" class=\"wp-caption alignright\"><img loading=\"lazy\" decoding=\"async\" aria-describedby=\"caption-attachment-12069\" class=\"size-medium wp-image-12069\" src=\"https:\/\/arbark.se\/wp-content\/uploads\/2017\/08\/bund-231x300.jpg\" alt=\"\" width=\"231\" height=\"300\" srcset=\"https:\/\/arbark.se\/wp-content\/dokument\/2017\/08\/bund-231x300.jpg 231w, https:\/\/arbark.se\/wp-content\/dokument\/2017\/08\/bund.jpg 497w\" sizes=\"auto, (max-width: 231px) 100vw, 231px\" \/><p id=\"caption-attachment-12069\" class=\"wp-caption-text\">Bund in Stockholm, May 1, 1947<\/p><\/div>\n<h4><strong>Judiska arbetarpartiet Bunds historia &#8211; presentation av forskning<\/strong><\/h4>\n<p><strong>H\u00e5kan Blomqvist<\/strong>, docent i historia, S\u00f6dert\u00f6rns h\u00f6gskola, rapporterar fr\u00e5n p\u00e5g\u00e5ende forskningskonferens.<\/p>\n<h4>Judar och v\u00e4nstern &#8211; en ompr\u00f6vning<\/h4>\n<p><strong> Jack Jacobs<\/strong>, professor i statsvetenskap, City University of New York, f\u00f6rel\u00e4ser utifr\u00e5n sin nytutkomna bok, <em>Jews and Leftist Politics<\/em><\/p>\n<hr>\n<h4>The history of the Jewish Labour Bund &#8211; presentation of research projects<\/h4>\n<p><strong>H\u00e5kan Blomqvist<\/strong>, associated professor of History, S\u00f6dert\u00f6rn University<\/p>\n<h4>Jews and the Left Reconsidered<\/h4>\n<p><strong>Jack Jacobs<\/strong>, professor of Political Science, John Jay College and the Graduate Center, City University of New York&nbsp;<\/p>\n<p>&nbsp;<\/p>\n<p>F\u00d6REDRAG OCH DISKUSSION P\u00c5 ENGELSKA.<\/p>\n<p>F\u00f6redragen \u00e4r ett \u00f6ppet evenemang knuten till konferensen &#8221;REBUILDING THE JEWISH LABOUR BUND IN A NEW WORLD AFTER THE HOLOCAUST&#8221;, f\u00f6rlagt till S\u00f6dert\u00f6rn Universitet, 24-25 Augusti, 2017.<\/p>\n","protected":false},"excerpt":{"rendered":"<p>Judiska arbetarpartiet Bunds historia &#8211; presentation av forskning H\u00e5kan Blomqvist, docent i historia, S\u00f6dert\u00f6rns h\u00f6gskola, rapporterar fr\u00e5n p\u00e5g\u00e5ende forskningskonferens. Judar och v\u00e4nstern &#8211; en ompr\u00f6vning Jack Jacobs, professor i statsvetenskap, [&hellip;]<\/p>\n","protected":false},"author":1,"featured_media":0,"template":"","meta":{"ngg_post_thumbnail":0,"_tribe_events_status":"","_tribe_events_status_reason":"","footnotes":""},"tags":[8779,8780,25],"tribe_events_cat":[],"class_list":{"0":"post-12055","1":"tribe_events","2":"type-tribe_events","3":"status-publish","5":"tag-bund","6":"tag-judiska-arbetarpartiet-bund","7":"tag-socialdemokrati","8":"czr-hentry"},"_links":{"self":[{"href":"https:\/\/arbark.se\/sv\/wp-json\/wp\/v2\/tribe_events\/12055","targetHints":{"allow":["GET"]}}],"collection":[{"href":"https:\/\/arbark.se\/sv\/wp-json\/wp\/v2\/tribe_events"}],"about":[{"href":"https:\/\/arbark.se\/sv\/wp-json\/wp\/v2\/types\/tribe_events"}],"author":[{"embeddable":true,"href":"https:\/\/arbark.se\/sv\/wp-json\/wp\/v2\/users\/1"}],"version-history":[{"count":4,"href":"https:\/\/arbark.se\/sv\/wp-json\/wp\/v2\/tribe_events\/12055\/revisions"}],"predecessor-version":[{"id":12073,"href":"https:\/\/arbark.se\/sv\/wp-json\/wp\/v2\/tribe_events\/12055\/revisions\/12073"}],"wp:attachment":[{"href":"https:\/\/arbark.se\/sv\/wp-json\/wp\/v2\/media?parent=12055"}],"wp:term":[{"taxonomy":"post_tag","embeddable":true,"href":"https:\/\/arbark.se\/sv\/wp-json\/wp\/v2\/tags?post=12055"},{"taxonomy":"tribe_events_cat","embeddable":true,"href":"https:\/\/arbark.se\/sv\/wp-json\/wp\/v2\/tribe_events_cat?post=12055"}],"curies":[{"name":"wp","href":"https:\/\/api.w.org\/{rel}","templated":true}]}}

Judisk vänster i historiskt ljus &#8211; Jews and the Left

<div id="attachment_12069" style="width: 241px" class="wp-caption alignright"><img loading="lazy" decoding="async" aria-describedby="caption-attachment-12069" class="size-medium wp-image-12069" src="https://arbark.se/wp-content/uploads/2017/08/bund-231x300.jpg" alt="" width="231" height="300" srcset="https://arbark.se/wp-content/dokument/2017/08/bund-231x300.jpg 231w, https://arbark.se/wp-content/dokument/2017/08/bund.jpg 497w" sizes="auto, (max-width: 231px) 100vw, 231px" /><p id="caption-attachment-12069" class="wp-caption-text">Bund in Stockholm, May 1, 1947</p></div>
<h4><strong>Judiska arbetarpartiet Bunds historia &#8211; presentation av forskning</strong></h4>
<p><strong>Håkan Blomqvist</strong>, docent i historia, Södertörns högskola, rapporterar från pågående forskningskonferens.</p>
<h4>Judar och vänstern &#8211; en omprövning</h4>
<p><strong> Jack Jacobs</strong>, professor i statsvetenskap, City University of New York, föreläser utifrån sin nytutkomna bok, <em>Jews and Leftist Politics</em></p>
<hr>
<h4>The history of the Jewish Labour Bund &#8211; presentation of research projects</h4>
<p><strong>Håkan Blomqvist</strong>, associated professor of History, Södertörn University</p>
<h4>Jews and the Left Reconsidered</h4>
<p><strong>Jack Jacobs</strong>, professor of Political Science, John Jay College and the Graduate Center, City University of New York&nbsp;</p>
<p>&nbsp;</p>
<p>FÖREDRAG OCH DISKUSSION PÅ ENGELSKA.</p>
<p>Föredragen är ett öppet evenemang knuten till konferensen &#8221;REBUILDING THE JEWISH LABOUR BUND IN A NEW WORLD AFTER THE HOLOCAUST&#8221;, förlagt till Södertörn Universitet, 24-25 Augusti, 2017.</p>

<p>Judiska arbetarpartiet Bunds historia &#8211; presentation av forskning Håkan Blomqvist, docent i historia, Södertörns högskola, rapporterar från pågående forskningskonferens. Judar och vänstern &#8211; en omprövning Jack Jacobs, professor i statsvetenskap, [&hellip;]</p>
