{"id":13787,"date":"2020-01-15T15:24:29","date_gmt":"2020-01-15T14:24:29","guid":{"rendered":"https:\/\/arbark.se\/?post_type=tribe_events&#038;p=13787\/"},"modified":"2020-01-15T16:45:58","modified_gmt":"2020-01-15T15:45:58","slug":"forelasning-mikro-och-makroanalytiska-metoder-inom-global-arbetarhistoria","status":"publish","type":"tribe_events","link":"https:\/\/arbark.se\/sv\/events\/forelasning-mikro-och-makroanalytiska-metoder-inom-global-arbetarhistoria\/","title":{"rendered":"Mikro- och makroanalytiska metoder inom global arbetarhistoria"},"content":{"rendered":"<p><strong>V\u00e4lkommen till en f\u00f6rel\u00e4sning om mikro- och makroanalytiska metoder inom global arbetarhistoria av Christian G De Vito, forskare vid Bonn Center for Dependency and Slavery Studies.<\/strong><\/p>\n<p>Global arbetarhistoria har radikalt utvidgat den tematiska, kronologiska och geografiska r\u00e4ckvidden f\u00f6r arbetarhistoria och har tvingat historikerna att ompr\u00f6va nyckelbegrepp f\u00f6r sin disciplin. Inom den globala arbetarhistorien har emellertid diskussionen om rumslighet och vilken kunskap man kan n\u00e5 inom f\u00e4ltet sl\u00e4pat efter. Vad \u00e4r \u201ddet globala\u201d i den globala arbetarhistorien?<\/p>\n<p>F\u00f6rel\u00e4sningen vill bidra till denna diskussion och tar upp fr\u00e5gor om mikro- och makroanalytiska metoder, agens och social struktur samt skalan fr\u00e5n lokalt till globalt. Den ansluter till den p\u00e5g\u00e5ende debatten om m\u00f6jligheten att kombinera global historia och mikrohistoria och lyfter fram betydelsen av ett mikrospatialt perspektiv f\u00f6r en mer inkluderande global arbetshistoria.<\/p>\n<p>Christian G De Vito \u00e4r forskare vid Bonn Center for Dependency and Slavery Studies (BCDSS), University of Bonn, d\u00e4r han samordnar forskningsprojektet <em>Punishment, Labor, Dependency<\/em>. Hans forskning handlar om komplikationerna av bestraffande och imperialistisk praxis i den spanska monarkin (1700- och 1800-talet). Han har publicerat texter om global arbetarhistoria, bestraffningens historia och kopplingarna mellan mikrohistoria och globalhistoria.<\/p>\n<p>F\u00f6rel\u00e4sningen arrangeras inom ramen f\u00f6r den internationella workshopen <em>Methods for Global Labour Histories<\/em> 22-24 januari 2020. Samtalsledare: Marcel van der Linden, IISH, Amsterdam.<\/p>\n<p>Bild fr\u00e5n projektet fillipinernesdanmarkshistorie.dk Foto: Gitte Kab\u00e9ll<\/p>\n","protected":false},"excerpt":{"rendered":"<p>V\u00e4lkommen till en f\u00f6rel\u00e4sning om mikro- och makroanalytiska metoder inom global arbetarhistoria av Christian G De Vito, forskare vid Bonn Center for Dependency and Slavery Studies. Global arbetarhistoria har radikalt [&hellip;]<\/p>\n","protected":false},"author":1,"featured_media":13788,"template":"","meta":{"ngg_post_thumbnail":0,"_tribe_events_status":"","_tribe_events_status_reason":"","footnotes":""},"tags":[],"tribe_events_cat":[],"class_list":["post-13787","tribe_events","type-tribe_events","status-publish","has-post-thumbnail","czr-hentry"],"_links":{"self":[{"href":"https:\/\/arbark.se\/sv\/wp-json\/wp\/v2\/tribe_events\/13787","targetHints":{"allow":["GET"]}}],"collection":[{"href":"https:\/\/arbark.se\/sv\/wp-json\/wp\/v2\/tribe_events"}],"about":[{"href":"https:\/\/arbark.se\/sv\/wp-json\/wp\/v2\/types\/tribe_events"}],"author":[{"embeddable":true,"href":"https:\/\/arbark.se\/sv\/wp-json\/wp\/v2\/users\/1"}],"version-history":[{"count":4,"href":"https:\/\/arbark.se\/sv\/wp-json\/wp\/v2\/tribe_events\/13787\/revisions"}],"predecessor-version":[{"id":13793,"href":"https:\/\/arbark.se\/sv\/wp-json\/wp\/v2\/tribe_events\/13787\/revisions\/13793"}],"wp:featuredmedia":[{"embeddable":true,"href":"https:\/\/arbark.se\/sv\/wp-json\/wp\/v2\/media\/13788"}],"wp:attachment":[{"href":"https:\/\/arbark.se\/sv\/wp-json\/wp\/v2\/media?parent=13787"}],"wp:term":[{"taxonomy":"post_tag","embeddable":true,"href":"https:\/\/arbark.se\/sv\/wp-json\/wp\/v2\/tags?post=13787"},{"taxonomy":"tribe_events_cat","embeddable":true,"href":"https:\/\/arbark.se\/sv\/wp-json\/wp\/v2\/tribe_events_cat?post=13787"}],"curies":[{"name":"wp","href":"https:\/\/api.w.org\/{rel}","templated":true}]}}

<p><strong>Välkommen till en föreläsning om mikro- och makroanalytiska metoder inom global arbetarhistoria av Christian G De Vito, forskare vid Bonn Center for Dependency and Slavery Studies.</strong></p>
<p>Global arbetarhistoria har radikalt utvidgat den tematiska, kronologiska och geografiska räckvidden för arbetarhistoria och har tvingat historikerna att ompröva nyckelbegrepp för sin disciplin. Inom den globala arbetarhistorien har emellertid diskussionen om rumslighet och vilken kunskap man kan nå inom fältet släpat efter. Vad är ”det globala” i den globala arbetarhistorien?</p>
<p>Föreläsningen vill bidra till denna diskussion och tar upp frågor om mikro- och makroanalytiska metoder, agens och social struktur samt skalan från lokalt till globalt. Den ansluter till den pågående debatten om möjligheten att kombinera global historia och mikrohistoria och lyfter fram betydelsen av ett mikrospatialt perspektiv för en mer inkluderande global arbetshistoria.</p>
<p>Christian G De Vito är forskare vid Bonn Center for Dependency and Slavery Studies (BCDSS), University of Bonn, där han samordnar forskningsprojektet <em>Punishment, Labor, Dependency</em>. Hans forskning handlar om komplikationerna av bestraffande och imperialistisk praxis i den spanska monarkin (1700- och 1800-talet). Han har publicerat texter om global arbetarhistoria, bestraffningens historia och kopplingarna mellan mikrohistoria och globalhistoria.</p>
<p>Föreläsningen arrangeras inom ramen för den internationella workshopen <em>Methods for Global Labour Histories</em> 22-24 januari 2020. Samtalsledare: Marcel van der Linden, IISH, Amsterdam.</p>
<p>Bild från projektet fillipinernesdanmarkshistorie.dk Foto: Gitte Kabéll</p>

<p>Välkommen till en föreläsning om mikro- och makroanalytiska metoder inom global arbetarhistoria av Christian G De Vito, forskare vid Bonn Center for Dependency and Slavery Studies. Global arbetarhistoria har radikalt [&hellip;]</p>
