{"id":13799,"date":"2020-01-17T13:12:57","date_gmt":"2020-01-17T12:12:57","guid":{"rendered":"https:\/\/arbark.se\/?post_type=tribe_events&#038;p=13799\/"},"modified":"2020-01-20T11:18:22","modified_gmt":"2020-01-20T10:18:22","slug":"valkommen-till-en-dag-om-arbetarlitteratur","status":"publish","type":"tribe_events","link":"https:\/\/arbark.se\/sv\/events\/valkommen-till-en-dag-om-arbetarlitteratur\/","title":{"rendered":"V\u00e4lkommen till en dag om arbetarlitteratur"},"content":{"rendered":"<p><strong>L\u00f6rdagen den 8 februari arrangeras Arbetarlitteraturens dag 2020. De litter\u00e4ra s\u00e4llskapen f\u00f6r arbetarf\u00f6rfattare samt F\u00f6reningen Arbetarskrivare finns p\u00e5 plats. Lyssna till f\u00f6redrag och botanisera bland bokborden. Alla v\u00e4lkomna! <\/strong><\/p>\n<p><strong>Program<\/strong><\/p>\n<p><img loading=\"lazy\" decoding=\"async\" class=\"alignright wp-image-13819 size-medium\" src=\"https:\/\/arbark.se\/wp-content\/uploads\/2020\/01\/Arbetarlitteraturen-2020_program_A4-1-212x300.jpg\" alt=\"\" width=\"212\" height=\"300\" srcset=\"https:\/\/arbark.se\/wp-content\/dokument\/2020\/01\/Arbetarlitteraturen-2020_program_A4-1-212x300.jpg 212w, https:\/\/arbark.se\/wp-content\/dokument\/2020\/01\/Arbetarlitteraturen-2020_program_A4-1.jpg 595w\" sizes=\"auto, (max-width: 212px) 100vw, 212px\" \/> <strong>11.00<\/strong> V\u00e4lkomsth\u00e4lsning \u2013 Hans Larsson, bibliotekschef p\u00e5 Arbetarr\u00f6relsens arkiv och bibliotek.<\/p>\n<p><strong>11.15<\/strong> Arbetarr\u00f6relsens arkiv och bibliotek \u2013 nyheter om arbetarf\u00f6rfattare och arkivbildningar.<\/p>\n<p><strong>12.00 <\/strong>Lunchsm\u00f6rg\u00e5s till sj\u00e4lvkostnadspris.<\/p>\n<p><strong>12.45 <\/strong>Ordf\u00f6randen i Gunnar Kieri-s\u00e4llskapet Lennart Rohdin ber\u00e4ttar om boken <em>F\u00f6rsta arbetskompaniet Storsien \u2013 en bok om politisk internering 1939-1940<\/em> av Gunnar Kieri och Ivar Sundstr\u00f6m. Boken har nyligen kommit ut i ny och omarbetad upplaga.<\/p>\n<p><strong>13.30 <\/strong>De deltagande s\u00e4llskapen ber\u00e4ttar om sin verksamhet.<\/p>\n<p><strong>15.30 <\/strong>Avslutning<\/p>\n<p>De litter\u00e4ra s\u00e4llskapen f\u00f6r arbetarf\u00f6rfattarna samt F\u00f6reningen Arbetarskrivare medverkar. Material om respektive s\u00e4llskap och f\u00f6rfattare presenteras p\u00e5 bokbord. Ingen anm\u00e4lan. Alla \u00e4r varmt v\u00e4lkomna!<\/p>\n<p>Evenemanget \u00e4r ett samarbete mellan Arbetarr\u00f6relsens arkiv och bibliotek, ABF Stockholm och Arbetarnas kulturhistoriska s\u00e4llskap.<\/p>\n<p>Vid fr\u00e5gor kontakta Kjersti Bosdotter, ordf\u00f6rande i Arbetarnas Kulturhistoriska S\u00e4llskap, p\u00e5 kjersti.bosdotter[a]ifmetall.se.<\/p>\n","protected":false},"excerpt":{"rendered":"<p>L\u00f6rdagen den 8 februari arrangeras Arbetarlitteraturens dag 2020. De litter\u00e4ra s\u00e4llskapen f\u00f6r arbetarf\u00f6rfattare samt F\u00f6reningen Arbetarskrivare finns p\u00e5 plats. Lyssna till f\u00f6redrag och botanisera bland bokborden. Alla v\u00e4lkomna! Program 11.00 [&hellip;]<\/p>\n","protected":false},"author":1,"featured_media":13800,"template":"","meta":{"ngg_post_thumbnail":0,"_tribe_events_status":"","_tribe_events_status_reason":"","footnotes":""},"tags":[],"tribe_events_cat":[],"class_list":["post-13799","tribe_events","type-tribe_events","status-publish","has-post-thumbnail","czr-hentry"],"_links":{"self":[{"href":"https:\/\/arbark.se\/sv\/wp-json\/wp\/v2\/tribe_events\/13799","targetHints":{"allow":["GET"]}}],"collection":[{"href":"https:\/\/arbark.se\/sv\/wp-json\/wp\/v2\/tribe_events"}],"about":[{"href":"https:\/\/arbark.se\/sv\/wp-json\/wp\/v2\/types\/tribe_events"}],"author":[{"embeddable":true,"href":"https:\/\/arbark.se\/sv\/wp-json\/wp\/v2\/users\/1"}],"version-history":[{"count":9,"href":"https:\/\/arbark.se\/sv\/wp-json\/wp\/v2\/tribe_events\/13799\/revisions"}],"predecessor-version":[{"id":13821,"href":"https:\/\/arbark.se\/sv\/wp-json\/wp\/v2\/tribe_events\/13799\/revisions\/13821"}],"wp:featuredmedia":[{"embeddable":true,"href":"https:\/\/arbark.se\/sv\/wp-json\/wp\/v2\/media\/13800"}],"wp:attachment":[{"href":"https:\/\/arbark.se\/sv\/wp-json\/wp\/v2\/media?parent=13799"}],"wp:term":[{"taxonomy":"post_tag","embeddable":true,"href":"https:\/\/arbark.se\/sv\/wp-json\/wp\/v2\/tags?post=13799"},{"taxonomy":"tribe_events_cat","embeddable":true,"href":"https:\/\/arbark.se\/sv\/wp-json\/wp\/v2\/tribe_events_cat?post=13799"}],"curies":[{"name":"wp","href":"https:\/\/api.w.org\/{rel}","templated":true}]}}

Välkommen till en dag om arbetarlitteratur

<p><strong>Lördagen den 8 februari arrangeras Arbetarlitteraturens dag 2020. De litterära sällskapen för arbetarförfattare samt Föreningen Arbetarskrivare finns på plats. Lyssna till föredrag och botanisera bland bokborden. Alla välkomna! </strong></p>
<p><strong>Program</strong></p>
<p><img loading="lazy" decoding="async" class="alignright wp-image-13819 size-medium" src="https://arbark.se/wp-content/uploads/2020/01/Arbetarlitteraturen-2020_program_A4-1-212x300.jpg" alt="" width="212" height="300" srcset="https://arbark.se/wp-content/dokument/2020/01/Arbetarlitteraturen-2020_program_A4-1-212x300.jpg 212w, https://arbark.se/wp-content/dokument/2020/01/Arbetarlitteraturen-2020_program_A4-1.jpg 595w" sizes="auto, (max-width: 212px) 100vw, 212px" /> <strong>11.00</strong> Välkomsthälsning – Hans Larsson, bibliotekschef på Arbetarrörelsens arkiv och bibliotek.</p>
<p><strong>11.15</strong> Arbetarrörelsens arkiv och bibliotek – nyheter om arbetarförfattare och arkivbildningar.</p>
<p><strong>12.00 </strong>Lunchsmörgås till självkostnadspris.</p>
<p><strong>12.45 </strong>Ordföranden i Gunnar Kieri-sällskapet Lennart Rohdin berättar om boken <em>Första arbetskompaniet Storsien – en bok om politisk internering 1939-1940</em> av Gunnar Kieri och Ivar Sundström. Boken har nyligen kommit ut i ny och omarbetad upplaga.</p>
<p><strong>13.30 </strong>De deltagande sällskapen berättar om sin verksamhet.</p>
<p><strong>15.30 </strong>Avslutning</p>
<p>De litterära sällskapen för arbetarförfattarna samt Föreningen Arbetarskrivare medverkar. Material om respektive sällskap och författare presenteras på bokbord. Ingen anmälan. Alla är varmt välkomna!</p>
<p>Evenemanget är ett samarbete mellan Arbetarrörelsens arkiv och bibliotek, ABF Stockholm och Arbetarnas kulturhistoriska sällskap.</p>
<p>Vid frågor kontakta Kjersti Bosdotter, ordförande i Arbetarnas Kulturhistoriska Sällskap, på kjersti.bosdotter[a]ifmetall.se.</p>

<p>Lördagen den 8 februari arrangeras Arbetarlitteraturens dag 2020. De litterära sällskapen för arbetarförfattare samt Föreningen Arbetarskrivare finns på plats. Lyssna till föredrag och botanisera bland bokborden. Alla välkomna! Program 11.00 [&hellip;]</p>
