{"id":20612,"date":"2024-11-07T11:05:39","date_gmt":"2024-11-07T10:05:39","guid":{"rendered":"https:\/\/arbark.se\/?post_type=tribe_events&#038;p=20612"},"modified":"2024-11-19T10:37:39","modified_gmt":"2024-11-19T09:37:39","slug":"nytt-nummer-av-arbetarhistoria-traffa-redaktionen","status":"publish","type":"tribe_events","link":"https:\/\/arbark.se\/sv\/events\/nytt-nummer-av-arbetarhistoria-traffa-redaktionen\/","title":{"rendered":"Nytt nummer av Arbetarhistoria &#8211; tr\u00e4ffa redaktionen!"},"content":{"rendered":"<div class=\"xdj266r x11i5rnm xat24cr x1mh8g0r x1vvkbs\">Nytt nummer av <em>Arbetarhistoria<\/em> \u00e4r p\u00e5v\u00e4g till tryckeriet. Och ungef\u00e4r samtidigt som det levereras till prenumeranter och \u00e5terf\u00f6rs\u00e4ljare h\u00e4lsar vi alla v\u00e4lkommna p\u00e5 tidskriftsmingel p\u00e5 S\u00f6derbokhandeln i Stockholm. Kom och tr\u00e4ffa redaktion och f\u00f6rfattare. Lyssna p\u00e5 Ingrid S\u00f6derlind som presenterar sin forskning om Svenska hj\u00e4lpkommitt\u00e9n f\u00f6r Spaniens barn. Passa p\u00e5 att bl\u00e4ddra lite i numret och att handla en julklapp eller tv\u00e5.&nbsp;<\/div>\n<div>&nbsp;<\/div>\n<div class=\"x11i5rnm xat24cr x1mh8g0r x1vvkbs xtlvy1s\">Denna g\u00e5ng bjuder vi p\u00e5 artiklar om hj\u00e4lp f\u00f6r barn i krig och uppfostring av barn i uniform, upplopp och strejker i Sk\u00e5ne och personhistoriska \u00f6den i b\u00e5de exilen och i Stockholms stadshus. Dessutom presenteras ett nyf\u00f6rtecknat bildarkiv fr\u00e5n tidningen <em>Verdandisten.<\/em><\/div>\n<div>&nbsp;<\/div>\n<div>Hoppas vi ses!<\/div>\n<div>&nbsp;<\/div>\n<div>\/Redaktionen<\/div>\n","protected":false},"excerpt":{"rendered":"<p>Nytt nummer av Arbetarhistoria \u00e4r p\u00e5v\u00e4g till tryckeriet. Och ungef\u00e4r samtidigt som det levereras till prenumeranter och \u00e5terf\u00f6rs\u00e4ljare h\u00e4lsar vi alla v\u00e4lkommna p\u00e5 tidskriftsmingel p\u00e5 S\u00f6derbokhandeln i Stockholm. Kom och [&hellip;]<\/p>\n","protected":false},"author":1,"featured_media":20616,"template":"","meta":{"ngg_post_thumbnail":0,"_tribe_events_status":"","_tribe_events_status_reason":"","footnotes":""},"tags":[101698,101649],"tribe_events_cat":[],"class_list":{"0":"post-20612","1":"tribe_events","2":"type-tribe_events","3":"status-publish","4":"has-post-thumbnail","6":"tag-mingel","7":"tag-tidningen-arbetarhistoria","8":"czr-hentry"},"_links":{"self":[{"href":"https:\/\/arbark.se\/sv\/wp-json\/wp\/v2\/tribe_events\/20612","targetHints":{"allow":["GET"]}}],"collection":[{"href":"https:\/\/arbark.se\/sv\/wp-json\/wp\/v2\/tribe_events"}],"about":[{"href":"https:\/\/arbark.se\/sv\/wp-json\/wp\/v2\/types\/tribe_events"}],"author":[{"embeddable":true,"href":"https:\/\/arbark.se\/sv\/wp-json\/wp\/v2\/users\/1"}],"version-history":[{"count":3,"href":"https:\/\/arbark.se\/sv\/wp-json\/wp\/v2\/tribe_events\/20612\/revisions"}],"predecessor-version":[{"id":20619,"href":"https:\/\/arbark.se\/sv\/wp-json\/wp\/v2\/tribe_events\/20612\/revisions\/20619"}],"wp:featuredmedia":[{"embeddable":true,"href":"https:\/\/arbark.se\/sv\/wp-json\/wp\/v2\/media\/20616"}],"wp:attachment":[{"href":"https:\/\/arbark.se\/sv\/wp-json\/wp\/v2\/media?parent=20612"}],"wp:term":[{"taxonomy":"post_tag","embeddable":true,"href":"https:\/\/arbark.se\/sv\/wp-json\/wp\/v2\/tags?post=20612"},{"taxonomy":"tribe_events_cat","embeddable":true,"href":"https:\/\/arbark.se\/sv\/wp-json\/wp\/v2\/tribe_events_cat?post=20612"}],"curies":[{"name":"wp","href":"https:\/\/api.w.org\/{rel}","templated":true}]}}

Nytt nummer av Arbetarhistoria &#8211; träffa redaktionen!

<div class="xdj266r x11i5rnm xat24cr x1mh8g0r x1vvkbs">Nytt nummer av <em>Arbetarhistoria</em> är påväg till tryckeriet. Och ungefär samtidigt som det levereras till prenumeranter och återförsäljare hälsar vi alla välkommna på tidskriftsmingel på Söderbokhandeln i Stockholm. Kom och träffa redaktion och författare. Lyssna på Ingrid Söderlind som presenterar sin forskning om Svenska hjälpkommittén för Spaniens barn. Passa på att bläddra lite i numret och att handla en julklapp eller två.&nbsp;</div>
<div>&nbsp;</div>
<div class="x11i5rnm xat24cr x1mh8g0r x1vvkbs xtlvy1s">Denna gång bjuder vi på artiklar om hjälp för barn i krig och uppfostring av barn i uniform, upplopp och strejker i Skåne och personhistoriska öden i både exilen och i Stockholms stadshus. Dessutom presenteras ett nyförtecknat bildarkiv från tidningen <em>Verdandisten.</em></div>
<div>&nbsp;</div>
<div>Hoppas vi ses!</div>
<div>&nbsp;</div>
<div>/Redaktionen</div>

<p>Nytt nummer av Arbetarhistoria är påväg till tryckeriet. Och ungefär samtidigt som det levereras till prenumeranter och återförsäljare hälsar vi alla välkommna på tidskriftsmingel på Söderbokhandeln i Stockholm. Kom och [&hellip;]</p>
