{"id":21818,"date":"2026-02-04T12:50:00","date_gmt":"2026-02-04T11:50:00","guid":{"rendered":"https:\/\/arbark.se\/?post_type=tribe_events&#038;p=21818"},"modified":"2026-02-04T12:58:59","modified_gmt":"2026-02-04T11:58:59","slug":"agda-ostlunds-retoriska-karriar-och-socialdemokratins-genombrott","status":"publish","type":"tribe_events","link":"https:\/\/arbark.se\/sv\/events\/agda-ostlunds-retoriska-karriar-och-socialdemokratins-genombrott\/","title":{"rendered":"\u00c4ntligen stod kvinnan i talarstolen: Agda \u00d6stlunds retoriska karri\u00e4r och socialdemokratins genombrott"},"content":{"rendered":"<p><strong>Agda \u00d6stlund (1870\u20131942)<\/strong> var en av de kvinnor som tidigt tog plats i det politiska livet n\u00e4r den svenska demokratin fortfarande var under utveckling. Uppvuxen i ett arbetarhem och formad av folkr\u00f6relserna blev hon en central akt\u00f6r i den socialdemokratiska kvinnor\u00f6relsens framv\u00e4xt. Hon reste runt i landet som agitator, blev den f\u00f6rsta kvinnan som talade i riksdagen och satt som riksdagsledamot i n\u00e4ra tjugo \u00e5r.<\/p>\n<p>I detta online-seminarium presenterar Magnus Gustafson sin forskning om Agda \u00d6stlunds retoriska karri\u00e4r. Genom nedslag i r\u00f6str\u00e4ttskampen, valr\u00f6relsen 1921, hennes f\u00f6rsta riksdagstal 1922 om klassor\u00e4ttvisor i tuberkulosv\u00e5rden, debatten om k\u00f6nsm\u00e4rkta r\u00f6stsedlar vid f\u00f6rbudsomr\u00f6stningen samma \u00e5r samt riksdagsdebatten om abortr\u00e4tt 1938 diskuteras hur politiskt spr\u00e5k, representation och makt formades i en tid av demokratiskt genombrott.<\/p>\n<p>Kvinnor har l\u00e4nge varit marginaliserade i arbetarr\u00f6relsens historia. Genom att f\u00f6lja Agda \u00d6stlunds politiska och retoriska arbete synligg\u00f6rs hur fr\u00e5gor om klass och k\u00f6n fl\u00e4tades samman och hur nya r\u00f6ster tog plats i det parlamentariska rummet. Seminariet belyser d\u00e4rmed b\u00e5de arbetarr\u00f6relsens historia och bredare fr\u00e5gor om demokrati, representation och politisk praktik.<\/p>\n","protected":false},"excerpt":{"rendered":"<p>Agda \u00d6stlund (1870\u20131942) var en av de kvinnor som tidigt tog plats i det politiska livet n\u00e4r den svenska demokratin fortfarande var under utveckling. Uppvuxen i ett arbetarhem och formad [&hellip;]<\/p>\n","protected":false},"author":27,"featured_media":21819,"template":"","meta":{"ngg_post_thumbnail":0,"_tribe_events_status":"","_tribe_events_status_reason":"","footnotes":""},"tags":[54943,5174,101722,25,101723],"tribe_events_cat":[],"class_list":{"0":"post-21818","1":"tribe_events","2":"type-tribe_events","3":"status-publish","4":"has-post-thumbnail","6":"tag-agda-ostlund","7":"tag-kvinnlig-rostratt","8":"tag-retorik","9":"tag-socialdemokrati","10":"tag-valarbete","11":"czr-hentry"},"_links":{"self":[{"href":"https:\/\/arbark.se\/sv\/wp-json\/wp\/v2\/tribe_events\/21818","targetHints":{"allow":["GET"]}}],"collection":[{"href":"https:\/\/arbark.se\/sv\/wp-json\/wp\/v2\/tribe_events"}],"about":[{"href":"https:\/\/arbark.se\/sv\/wp-json\/wp\/v2\/types\/tribe_events"}],"author":[{"embeddable":true,"href":"https:\/\/arbark.se\/sv\/wp-json\/wp\/v2\/users\/27"}],"version-history":[{"count":1,"href":"https:\/\/arbark.se\/sv\/wp-json\/wp\/v2\/tribe_events\/21818\/revisions"}],"predecessor-version":[{"id":21821,"href":"https:\/\/arbark.se\/sv\/wp-json\/wp\/v2\/tribe_events\/21818\/revisions\/21821"}],"wp:featuredmedia":[{"embeddable":true,"href":"https:\/\/arbark.se\/sv\/wp-json\/wp\/v2\/media\/21819"}],"wp:attachment":[{"href":"https:\/\/arbark.se\/sv\/wp-json\/wp\/v2\/media?parent=21818"}],"wp:term":[{"taxonomy":"post_tag","embeddable":true,"href":"https:\/\/arbark.se\/sv\/wp-json\/wp\/v2\/tags?post=21818"},{"taxonomy":"tribe_events_cat","embeddable":true,"href":"https:\/\/arbark.se\/sv\/wp-json\/wp\/v2\/tribe_events_cat?post=21818"}],"curies":[{"name":"wp","href":"https:\/\/api.w.org\/{rel}","templated":true}]}}

Äntligen stod kvinnan i talarstolen: Agda Östlunds retoriska karriär och socialdemokratins genombrott

<p><strong>Agda Östlund (1870–1942)</strong> var en av de kvinnor som tidigt tog plats i det politiska livet när den svenska demokratin fortfarande var under utveckling. Uppvuxen i ett arbetarhem och formad av folkrörelserna blev hon en central aktör i den socialdemokratiska kvinnorörelsens framväxt. Hon reste runt i landet som agitator, blev den första kvinnan som talade i riksdagen och satt som riksdagsledamot i nära tjugo år.</p>
<p>I detta online-seminarium presenterar Magnus Gustafson sin forskning om Agda Östlunds retoriska karriär. Genom nedslag i rösträttskampen, valrörelsen 1921, hennes första riksdagstal 1922 om klassorättvisor i tuberkulosvården, debatten om könsmärkta röstsedlar vid förbudsomröstningen samma år samt riksdagsdebatten om aborträtt 1938 diskuteras hur politiskt språk, representation och makt formades i en tid av demokratiskt genombrott.</p>
<p>Kvinnor har länge varit marginaliserade i arbetarrörelsens historia. Genom att följa Agda Östlunds politiska och retoriska arbete synliggörs hur frågor om klass och kön flätades samman och hur nya röster tog plats i det parlamentariska rummet. Seminariet belyser därmed både arbetarrörelsens historia och bredare frågor om demokrati, representation och politisk praktik.</p>

<p>Agda Östlund (1870–1942) var en av de kvinnor som tidigt tog plats i det politiska livet när den svenska demokratin fortfarande var under utveckling. Uppvuxen i ett arbetarhem och formad [&hellip;]</p>
